8)?
2
What is the ten thousands digit of (72/144)/(((-28)/(-84776))/7)?
1
Let q(v) be the first derivative of 26*v**3/3 + v**2/2 + 2*v - 1. Let u be 3/1*5/((-75)/(-10)). What is the units digit of q(u)?
8
Suppose -4*y - 8 = -28. Suppose 15*a - 31*a + 48 = 0. Suppose y*d = -p + 1042, -d = d + a*p - 409. What is the tens digit of d?
0
Let j be (-60)/165 + (-23753)/(-11). Suppose 2161*h - 2410 = j*h. What is the hundreds digit of h?
2
Let p = -66 + 110. Let k = p - 25. Suppose 0 = a - 28 - k. What is the tens digit of a?
4
Let h = 53 - 42. Suppose -5*l + 5*r = -24 - h, 11 = -3*l - 5*r. Suppose -p + 5*t + 88 = l*p, -3*t - 110 = -5*p. What is the tens digit of p?
2
Suppose 235*j - 306*j = -513401. What is the tens digit of j?
3
Let u = -454 - -454. Suppose u = b - 4*t - t - 1091, 9 = 3*t. What is the tens digit of b?
0
Let d(i) = 111*i**2 + i - 2. Let k(s) = s**2 - 12*s + 29. Let r be k(9). What is the hundreds digit of d(r)?
4
Let g(b) = -b**3 + 3*b**2 + 6*b - 8. Let w be g(6). Let p(t) = 53*t**2 - 170*t + 14. Let l be p(4). Let k = w + l. What is the hundreds digit of k?
1
Suppose -309174 = -257*x - 54*x + 1837970. What is the thousands digit of x?
6
Let f be 2*(-2 + (-3 + 7 - 0)). Let w(d) = 65*d + 77. What is the hundreds digit of w(f)?
3
Let n = -3354 - -3379. Let c be (16/5)/((-2)/(-10)). Let p = c + n. What is the units digit of p?
1
Let o = 28 - 26. Let z be (6/(-15))/(o/(-10)). Suppose 5*m + 230 = z*p, 0*m + 3*m = 0. What is the hundreds digit of p?
1
Suppose l + 4*q + 133 = 0, -5*q - 124 = l - 4*q. Let h = l + 328. What is the tens digit of h?
0
Let p = -1478 - -4935. What is the units digit of p?
7
Let f(k) = -12*k - 11. Let j be f(-5). Suppose -t = -31 - j. Suppose 0*c = -4*c - 3*u + 94, -t = -4*c + 4*u. What is the units digit of c?
2
Let a(u) = 0*u - u + 18*u - 5 + 2*u**2 - 3*u**2. Let q be a(18). Let m = 57 - q. What is the tens digit of m?
8
Suppose -i - 18 = 5*f, -4*f + 5*f - 30 = -5*i. Suppose 0 = 3*d - i*d + 580. What is the tens digit of d?
4
Let k be 2 + -27*(-2 - -1). Let g = k + -28. What is the tens digit of 42 - g - (-15)/(-5)?
3
Suppose 23*w - 5*w + 18 = 0. Let v(d) = 687*d**2 - 6*d - 7. What is the units digit of v(w)?
6
Suppose f - 11 = -6. Suppose z = 2*s - 6, f*z = -3*s - 0*z + 35. Suppose 3*l + l - 4 = i, s*i - 34 = 2*l. What is the units digit of i?
8
Suppose j = -4*n + 6307, -6*n = j - 7*n - 6317. What is the units digit of j?
5
Let m = -5 + 8. Let c(d) = -7 - 4*d**2 + 6*d - m*d - 2*d + 10*d**2. What is the hundreds digit of c(5)?
1
Let k(i) = 10*i + 34. Let g be k(-3). What is the units digit of (g - 3478/(-10)) + 2/10?
2
Suppose -586 - 248 = 5*c + 2*m, 3*c = -5*m - 489. Suppose -5*g + 1 = k - 8, -5*k + 129 = 4*g. Let n = k - c. What is the units digit of n?
7
Let t(y) be the first derivative of y**4/12 + y**3/6 + 17*y**2/2 - 20*y - 24. Let f(b) be the first derivative of t(b). What is the tens digit of f(-7)?
5
Let v be 3 - (14*-7 + 1). Suppose 144 = m - v. Suppose 3*t + 52 = m. What is the tens digit of t?
6
Let i = -122 + 124. What is the units digit of (((-1360)/6)/(-4))/(i/6)?
0
Let c = 23090 + -19689. What is the thousands digit of c?
3
Let q = 193 + 3107. What is the units digit of q?
0
Let a(o) = 1827*o - 5928. What is the ten thousands digit of a(16)?
2
Let y = 14461 - -14021. What is the hundreds digit of y?
4
What is the ten thousands digit of 2/(-14)*3 + 421602/14 + -2?
3
Suppose -29*n + 27*n - 128 = 0. Let k = n + 168. Let r = k + -56. What is the tens digit of r?
4
Let g(m) = 4 + 0 + m**3 - 3 - 2*m**2 + 1. Let v be g(1). What is the units digit of (8 - -61) + (1 - -3)*v?
3
Let d(k) = 12*k**2 - 2*k. Let u be d(-1). Let l be (180/u)/(18/(-126)). What is the units digit of -4 - (l - (-8)/2)?
2
Let r = -37 + 44. Suppose -r*z = -4909 - 572. Suppose c = 2*a - c - 374, -4*a + z = 3*c. What is the hundreds digit of a?
1
Let o(y) = -y**3 + 12*y**2 - 8*y. Let i be o(6). Let h = -46 + i. What is the hundreds digit of h?
1
Suppose 0*m + 910 = 35*m. Let q = 1 - 11. Let c = q + m. What is the tens digit of c?
1
Let i(y) = 2*y + 1. Let w be i(1). Let r = 620 + -589. Let d = w + r. What is the units digit of d?
4
Let f(p) = -p**2 - 95*p + 21. Let b be f(14). Let y = -889 - b. What is the tens digit of y?
1
Let r(f) = 7*f**2 - 29*f - 75. Let h(j) = -3*j + 35. Let g be h(6). What is the hundreds digit of r(g)?
4
Suppose 0 = 108*t - 3*t - 2079000. What is the tens digit of t?
0
Let p be (-144)/((-30)/(-5))*10/8. What is the hundreds digit of p + 311 - (0 + 0/2)?
2
Suppose -238*j = -230*j - 192. Let d(u) = 40*u - 212. What is the units digit of d(j)?
8
Let f(u) = -u**3 + 13*u**2 + 28*u + 35. Let v be f(15). Suppose 0 = 3*w - 3, 5*w - 1180 - 610 = -v*d. What is the units digit of d?
7
Let x = 3851 + 21033. What is the units digit of x?
4
Let n = 4183 + -2833. Let v = 2872 - n. What is the tens digit of v?
2
Suppose -84*l + 21254 + 39478 = 0. What is the units digit of l?
3
Let v = 4098 + 5927. What is the hundreds digit of v?
0
Let o(h) = -h**3 - 41*h**2 - 38*h + 36. What is the units digit of o(-46)?
4
Suppose t = -k + 872, -2*k = -3*t + 7*t - 1752. Suppose -4*h = -k - 720. What is the hundreds digit of h?
3
Suppose 39*h = 34*h - 20. What is the hundreds digit of (-1871)/h - (-1 - (-3)/4)?
4
Let y be (1/2)/((-24)/(-306192)). Suppose -l - 4*w - 217 = -1489, -5*l - w = -y. What is the tens digit of l?
7
Let g(y) = y**3 + 6*y**2 + 12*y - 94. Let k be g(13). Suppose 3*a = -4*t + k, 2*t - 1623 = 10*a - 7*a. What is the hundreds digit of t?
8
Suppose 0 = 3*c, 17 = -f - 2*c - 172. Let x = 338 + f. What is the tens digit of x?
4
What is the units digit of (274/4)/(11/440)?
0
Let m be (-4)/10 - (-10)/25. Suppose 4*f = 2*k - 2 - m, 4*f = -4*k - 20. What is the units digit of 57*(f - (-2 - 1))?
7
Let z = -299 - -178. Let y be ((-4)/(-4))/(3/894). Let b = z + y. What is the units digit of b?
7
What is the ten thousands digit of (8/(264/(-4175919)))/((-1 + 4)*-1)?
4
Let q(r) = 55*r + 22*r - 3 - 29*r. What is the units digit of q(1)?
5
Let a = 1 + 19. Suppose a = -w - 4*w. What is the units digit of (2 + -1 - -1)*(-16)/w?
8
What is the hundreds digit of (-834)/27*(70 + -88)?
5
Let t = 37671 + 6700. What is the ten thousands digit of t?
4
Let k(a) = -3*a**2 - 9*a - 4. Let o be k(-6). Suppose 2 = -5*p + 12, 709 = 5*c + 2*p. Let f = o + c. What is the tens digit of f?
8
What is the units digit of 29034*(116/6 + -18)?
2
Let n(q) = -q**3 - 18*q**2 + 30*q + 79. What is the tens digit of n(-28)?
7
Suppose 4*x - l = -0*l - 12, 4*x = -5*l - 36. Let q be x/(-22) + -6*(-1773)/297. What is the units digit of 4 + (4 - 6) + q?
8
Suppose 3*g + m = 7*m + 6027, 5*g = 2*m + 10053. What is the hundreds digit of g?
0
Let o = -111 + 120. Suppose 566 = -o*v + 11*v. What is the units digit of v?
3
Let g = -42 - -77. Suppose -18*r = -23*r - g. What is the units digit of (r + 1)*-19*(-2)/(-4)?
7
Suppose 20 = 9*c - 43. Let y = c + -7. Suppose y = -3*m + 140 + 442. What is the tens digit of m?
9
Suppose -39*f = -5*y - 38*f + 113, 3*f = y - 31. What is the units digit of 2 - 390/(-7) - y/(-77)?
8
Suppose 4*q = -3*o + 57, 3*q - 4*o + 5*o - 44 = 0. Let h(u) = -q*u + 1 + 1 + 2*u - 3. What is the tens digit of h(-1)?
1
Let r(b) = 10*b + 8*b**2 + 21*b**3 + 7*b**2 - 183 - 22*b**3 - 11 + 7*b**2. What is the tens digit of r(16)?
0
What is the thousands digit of (-820730)/(-34) + (-268)/2278?
4
What is the hundreds digit of -12 - -25 - 18 - -7747?
7
Suppose -7*c + 40 + 2 = 0. What is the tens digit of -1 + 1 - -67*(0 + c)?
0
Let w(h) = 248*h - 777. What is the thousands digit of w(11)?
1
Suppose 22*g - 18*g - 533 = -m, g = -2*m + 1031. Suppose -2*s = -3*c - 1161 - m, 10 = 5*c. What is the hundreds digit of s?
8
Let l be 38/11 - 150/(-275). Suppose -4*k = l*m - 1880, 5*m - 10 = 10. What is the hundreds digit of k?
4
Let n = 38 + -35. Suppose n*s - 3*b - 663 = 0, -s + 3*b + 196 = 7*b. What is the tens digit of s?
1
Suppose 111 = -18*w - 105. What is the units digit of w/8*48022/(-39)?
7
Suppose -1094*j + 1280*j - 865272 = 0. What is the hundreds digit of j?
6
Let j = -15693 + 26290. What is the thousands digit of j?
0
Suppose 68 - 20 = 6*f. Suppose -z - 6096 = -5*p, -f*z + 3*z = 5. What is the units digit of p?
9
Let h = -12689 - -18918. What is the units digit of h?
